ber?
True
Is 13859 a prime number?
True
Is 527635 a composite number?
True
Is 3239 a composite number?
True
Is 31847 composite?
False
Is 3407 prime?
True
Is 1657 composite?
False
Is 1130351 a composite number?
False
Is 7621 composite?
False
Is 2182571 prime?
False
Is 402239 a prime number?
True
Is 1997333 a composite number?
True
Is 3407 a prime number?
True
Is 20219 a composite number?
False
Is 56983 a prime number?
True
Is 80737 composite?
False
Is 168863 a prime number?
True
Is 8173 prime?
False
Is 2782867 a prime number?
False
Is 116845 a composite number?
True
Is 45863 composite?
False
Is 12767 composite?
True
Is 35031 a prime number?
False
Is 13553 prime?
True
Is 1649 a prime number?
False
Is 102991 prime?
False
Is 16033 a composite number?
False
Is 3599927 a prime number?
True
Is 282134 prime?
False
Is 6731 composite?
True
Is 202309 a prime number?
True
Is 4907 a prime number?
False
Is 10243 composite?
False
Is 12229 prime?
False
Is 36341 a composite number?
False
Is 4201 prime?
True
Is 90595 composite?
True
Is 18701 a prime number?
True
Is 20593 a prime number?
True
Is 80641 a composite number?
True
Is 18319 prime?
False
Is 11069 composite?
False
Is 189723 a composite number?
True
Is 104209 prime?
False
Is 289871 a composite number?
False
Is 91 composite?
True
Is 5993 a prime number?
False
Is 109699 a composite number?
True
Is 108799 a prime number?
True
Is 32159 prime?
True
Is 63059 prime?
True
Is 68767 composite?
False
Is 2397793 a prime number?
True
Is 7702 composite?
True
Is 824387 composite?
True
Is 51929 a composite number?
False
Is 54643 prime?
False
Is 15349 prime?
True
Is 35081 prime?
True
Is 337 composite?
False
Is 177503 a prime number?
False
Is 88589 prime?
True
Is 330449 a composite number?
True
Is 207619 composite?
False
Is 16509 a composite number?
True
Is 58601 composite?
False
Is 2111 prime?
True
Is 40607 a composite number?
True
Is 474739 a composite number?
True
Is 285479 a prime number?
False
Is 4861 composite?
False
Is 366117 a prime number?
False
Is 3957637 a prime number?
True
Is 8011 a prime number?
True
Is 91283 prime?
True
Is 48109 a composite number?
False
Is 12671 a prime number?
True
Is 418571 a composite number?
True
Is 9935 a prime number?
False
Is 182921 prime?
True
Is 194371 prime?
True
Is 743701 a prime number?
False
Is 407 a composite number?
True
Is 62071 prime?
True
Is 26867 prime?
False
Is 26457 prime?
False
Is 32663 prime?
False
Is 24517 prime?
True
Is 28151 composite?
False
Is 40295 prime?
False
Is 10007 prime?
True
Is 193031 a prime number?
True
Is 157847 a composite number?
True
Is 10709 a prime number?
True
Is 967567 composite?
False
Is 300047 a composite number?
True
Is 1131023 composite?
False
Is 9793 composite?
True
Is 112963 a prime number?
False
Is 419 a composite number?
False
Is 4131917 composite?
False
Is 440859 a prime number?
False
Is 1049 a composite number?
False
Is 12443 prime?
False
Is 42469 a prime number?
False
Is 3691 composite?
False
Is 12343 a composite number?
False
Is 146477 prime?
True
Is 14173 composite?
False
Is 8579 a composite number?
True
Is 1089769 a composite number?
True
Is 26369 composite?
True
Is 95609 a composite number?
True
Is 98689 composite?
False
Is 119687 a composite number?
False
Is 17833 a prime number?
False
Is 9793 a composite number?
True
Is 6761 a prime number?
True
Is 31753 prime?
False
Is 1931 a composite number?
False
Is 7411 prime?
True
Is 51193 a prime number?
True
Is 239061 prime?
False
Is 260329 composite?
False
Is 30863 a composite number?
True
Is 115201 prime?
True
Is 3263267 a composite number?
True
Is 1346 a composite number?
True
Is 907 a prime number?
True
Is 517 a prime number?
False
Is 1040981 a prime number?
True
Is 1303069 a prime number?
True
Is 15817 composite?
False
Is 27718 a prime number?
False
Is 13397 composite?
False
Is 122147 a composite number?
False
Is 362693 prime?
True
Is 10057 a prime number?
False
Is 195181 a composite number?
True
Is 11269 composite?
True
Is 3613 a composite number?
False
Is 1259 a prime number?
True
Is 53813 a prime number?
True
Is 219839 a composite number?
False
Is 42209 prime?
True
Is 1465 prime?
False
Is 78271 prime?
False
Is 99761 composite?
False
Is 138626 a composite number?
True
Is 9797 prime?
False
Is 31 a prime number?
True
Is 71506 a composite number?
True
Is 401681 a prime number?
False
Is 76226 a prime number?
False
Is 462529 a composite number?
False
Is 1213819 a composite number?
True
Is 43753 prime?
True
Is 9893 composite?
True
Is 25249 composite?
True
Is 831757 a composite number?
False
Is 1135 a composite number?
True
Is 601541 a prime number?
True
Is 5267 a composite number?
True
Is 743849 prime?
True
Is 188753 composite?
False
Is 1016567 a composite number?
False
Is 742549 a prime number?
True
Is 130399 composite?
False
Is 25819 prime?
True
Is 315179 composite?
False
Is 15013 composite?
False
Is 229837 a composite number?
False
Is 1858 a prime number?
False
Is 18901 composite?
True
Is 10727 prime?
False
Is 1823 composite?
False
Is 5969 a composite number?
True
Is 55747 prime?
False
Is 53681 a prime number?
True
Is 13159 a composite number?
False
Is 27847 a composite number?
False
Is 1037 prime?
False
Is 5261 prime?
True
Is 2621131 composite?
False
Is 433135 a composite number?
True
Is 325627 composite?
False
Is 40193 a composite number?
False
Is 1038563 a prime number?
True
Is 55267 prime?
False
Is 29897 a composite number?
True
Is 289669 a composite number?
False
Is 7883 a prime number?
True
Is 28181 a prime number?
True
Is 2021 a prime number?
False
Is 856991 prime?
False
Is 8807 composite?
False
Is 74587 composite?
False
Is 67099 a prime number?
False
Is 44953 composite?
False
Is 9517 a prime number?
False
Is 2237 a composite number?
False
Is 1213 a prime number?
True
Is 692689 composite?
False
Is 44867 a prime number?
True
Is 21287 composite?
True
Is 226991 prime?
True
Is 10519 a prime number?
False
Is 9257 prime?
True
Is 11959 a prime number?
True
Is 683881 a composite number?
True
Is 922483 composite?
True
Is 5591 a composite number?
False
Is 40407 a composite number?
True
Is 205 prime?
False
Is 53549 a composite number?
False
Is 11261 composite?
False
Is 53681 prime?
True
Is 16639 a prime number?
False
Is 282707 composite?
False
Is 3865 a composite number?
True
Is 1979 composite?
False
Is 1249615 prime?
False
Is 408283 composite?
False
Is 18701 a prime number?
True
Is 93517 a prime number?
False
Is 541 a prime number?
True
Is 115459 prime?
True
Is 13543 a prime number?
False
Is 355193 composite?
False
Is 4633 prime?
False
Is 176822 prime?
False
Is 6667 prime?
False
Is 16319 prime?
True
Is 50627 a prime number?
True
Is 233851 prime?
True
Is 26777 a composite number?
False
Is 314693 composite?
False
Is 307079 a prime number?
True
Is 13963 a composite number?
False
Is 2398439 composite?
True
Is 805213 prime?
True
Is 120187 a prime number?
False
Is 561907 prime?
True
Is 7933 a composite number?
False
Is 4282 a prime number?
False
Is 8999 a prime number?
True
Is 57977 a composite number?
False
Is 34433 a prime number?
False
Is 25703 a composite number?
False
Is 911827 composite?
True
Is 635 a prime number?
False
Is 7451 prime?
True
Is 13271 a composite number?
True
Is 567185 prime?
False
Is 14302 prime?
False
Is 310603 a composite number?
True
Is 241558 prime?
False
Is 14081 prime?
True
Is 154549 prime?
False
Is 681719 composite?
False
Is 182201 a prime number?
True
Is 6887 a prime number?
False
Is 258197 prime?
True
Is 25693 prime?
True
Is 2603 a prime number?
False
Is 307243 prime?
True
Is 17539 a prime number?
True
Is 155887 prime?
True
Is 77189 a composite number?
True
Is 241463 prime?
True
Is 199103 prime?
True
Is 111713 a composite number?
True
Is 141203 prime?
False
Is 115009 composite?
True
Is 501083 composite?
True
Is 28283 prime?
True
Is 64309 composite?
True
Is 52031 a prime number?
False
Is 21583 a composite number?
True
Is 83542 a prime number?
False
Is 58103 a composite number?
True
Is 12319 composite?
True
Is 411799 a composite number?
False
Is 376634 prime?
False
Is 355571 a prime number?
True
Is 13523 composite?
False
Is 456009 a composite number?
True
Is 2099 prime?
True
Is 1657 a composite number?
False
Is 43454 prime?
False
Is 3163 composite?
False
Is 3